test common divisor of 60606 and 52?
26
Calculate the highest common factor of 3757 and 33150.
221
Calculate the highest common divisor of 94 and 11686174.
94
Calculate the greatest common divisor of 2812 and 6068.
148
Calculate the greatest common factor of 368 and 44480.
16
What is the greatest common factor of 44399 and 522?
29
Calculate the greatest common divisor of 11572 and 13676.
1052
Calculate the highest common divisor of 1073 and 70412.
29
What is the highest common factor of 766 and 1296838?
766
What is the greatest common factor of 10430710 and 10?
10
What is the greatest common factor of 1968 and 38704?
656
What is the greatest common divisor of 177 and 1277763?
177
Calculate the greatest common factor of 77 and 344246.
7
What is the greatest common factor of 1617 and 3003?
231
Calculate the highest common divisor of 92 and 71438.
46
What is the greatest common factor of 1097019 and 63?
63
Calculate the greatest common divisor of 3276 and 857220.
1092
Calculate the greatest common factor of 216 and 4152.
24
Calculate the highest common divisor of 3185 and 8645.
455
Calculate the highest common factor of 108145 and 1075.
215
What is the highest common divisor of 228 and 1140?
228
Calculate the highest common factor of 293727 and 107352.
1491
What is the greatest common divisor of 5203 and 968?
121
What is the highest common factor of 315 and 520947?
63
Calculate the greatest common divisor of 10592364 and 12.
12
What is the highest common factor of 33 and 1672143?
33
Calculate the highest common divisor of 2040 and 6290.
170
What is the greatest common divisor of 15334 and 1038530?
1394
Calculate the greatest common divisor of 10 and 4546730.
10
What is the greatest common factor of 16965 and 45?
45
Calculate the greatest common factor of 696 and 396024.
696
Calculate the greatest common factor of 468 and 83772.
468
Calculate the highest common divisor of 114 and 691562.
38
Calculate the highest common divisor of 13771 and 9083.
293
Calculate the highest common factor of 222 and 33522.
222
Calculate the greatest common divisor of 616 and 2296.
56
Calculate the greatest common factor of 20655 and 63.
9
What is the highest common divisor of 231327 and 18?
9
Calculate the highest common divisor of 14849595 and 783.
783
Calculate the greatest common factor of 312 and 3422796.
156
Calculate the greatest common divisor of 89415 and 900.
45
Calculate the greatest common divisor of 2430 and 1410.
30
Calculate the highest common divisor of 32 and 16288.
32
Calculate the greatest common divisor of 7008 and 33336.
24
Calculate the highest common divisor of 3599 and 7808.
61
Calculate the greatest common divisor of 16240 and 28.
28
Calculate the highest common divisor of 9336 and 924.
12
Calculate the greatest common factor of 408 and 5584296.
408
What is the greatest common factor of 14017 and 88687?
131
What is the highest common divisor of 21594 and 5133?
177
Calculate the highest common factor of 185896 and 1064.
152
Calculate the greatest common factor of 468 and 62361.
117
Calculate the greatest common divisor of 668 and 1837.
167
Calculate the greatest common factor of 2592 and 114858.
162
Calculate the greatest common divisor of 429 and 57681.
39
Calculate the highest common divisor of 31 and 206150.
31
Calculate the highest common divisor of 675 and 11775.
75
What is the greatest common divisor of 396 and 269784?
36
Calculate the greatest common divisor of 400 and 215120.
80
What is the highest common factor of 2772 and 10318?
154
Calculate the greatest common divisor of 4712 and 163928.
248
Calculate the highest common factor of 3263 and 1521.
13
Calculate the highest common divisor of 382 and 34.
2
What is the greatest common factor of 9483 and 348?
87
What is the highest common divisor of 34 and 1356634?
34
Calculate the highest common divisor of 256 and 3847808.
128
Calculate the highest common divisor of 667 and 116.
29
What is the greatest common divisor of 45 and 8919?
9
What is the greatest common factor of 393113 and 623?
623
What is the greatest common factor of 332596 and 132?
44
What is the highest common factor of 882075 and 3?
3
Calculate the greatest common factor of 654600 and 200.
200
What is the highest common divisor of 1368 and 422712?
1368
What is the highest common factor of 2673 and 704?
11
Calculate the highest common divisor of 22463 and 343.
7
Calculate the highest common factor of 287336 and 4312.
392
What is the greatest common factor of 6 and 68548?
2
Calculate the highest common factor of 12483790 and 10.
10
What is the greatest common factor of 821835 and 945?
315
Calculate the greatest common factor of 3519 and 14283.
207
What is the highest common factor of 12348 and 180?
36
Calculate the greatest common divisor of 595 and 4585.
35
What is the highest common factor of 80871 and 42?
21
What is the highest common factor of 411968 and 902?
82
What is the highest common factor of 18 and 13842?
18
What is the highest common divisor of 1 and 7589?
1
Calculate the highest common factor of 27 and 904.
1
What is the greatest common factor of 1357 and 26137?
59
What is the greatest common factor of 64 and 11488?
32
Calculate the greatest common divisor of 783 and 3799.
29
What is the highest common divisor of 576156 and 84?
84
What is the greatest common factor of 130427 and 33?
11
What is the highest common divisor of 72 and 62796?
12
Calculate the greatest common factor of 19 and 836703.
19
What is the highest common divisor of 224 and 118580?
28
Calculate the greatest common factor of 24 and 231828.
12
What is the highest common divisor of 1413 and 126?
9
Calculate the highest common divisor of 20080 and 21040.
80
What is the highest common divisor of 448264 and 25208?
1096
What is the highest common factor of 2280 and 93309?
57
What is the greatest common factor of 5657571 and 1017?
1017
Calculate the greatest common factor of 9731 and 13676.
263
Calculate the highest common divisor of 70791 and 33.
3
What is the highest common factor of 276 and 87124?
92
Calculate the greatest common factor of 21758 and 3938.
22
What is the highest common factor of 13680 and 39615?
285
Calculate the highest common factor of 43 and 2262273.
43
What is the greatest common divisor of 579453 and 32304?
2019
Calculate the greatest common divisor of 808 and 290880.
808
What is the greatest common factor of 2590907 and 22?
11
Calculate the greatest common factor of 108 and 73908.
36
What is the highest common divisor of 745 and 655?
5
What is the highest common factor of 156809 and 3029?
233
Calculate the greatest common factor of 332 and 47227.
83
Calculate the greatest common divisor of 626 and 173402.
626
What is the highest common divisor of 468276 and 12?
12
What is the highest common divisor of 10503 and 1728?
27
What is the greatest common factor of 108 and 1272402?
54
Calculate the highest common factor of 385 and 940885.
55
Calculate the highest common divisor of 180 and 182025.
45
Calculate the greatest common factor of 470 and 230.
10
What is the greatest common factor of 938020 and 440?
20
Calculate the greatest common divisor of 81 and 612441.
81
What is the highest common factor of 1022480 and 110?
10
What is the greatest common factor of 105426 and 72?
18
Calculate the greatest common factor of 112 and 35072.
16
What is the greatest common divisor of 4 and 6676?
4
Calculate the highest common factor of 41 and 1649922.
41
Calculate the greatest common divisor of 47 and 218879.
47
What is the highest common divisor of 130322 and 782?
34
Calculate the greatest common factor of 10115 and 85.
85
What is the greatest common factor of 284 and 3097588?
284
What is the greatest common factor of 17676 and 48?
12
Calculate the highest common divisor of 2240 and 703680.
320
What is the highest common divisor of 63 and 108528?
21
What is the highest common divisor of 7467 and 1572?
393
Calculate the highest common divisor of 795006 and 377.
29
Calculate the greatest common divisor of 34566 and 588.
42
What is the greatest common divisor of 4758 and 9906?
78
What is the greatest common divisor of 2224 and 1251?
139
What is the greatest common factor of 27852 and 220?
44
Calculate the greatest common factor of 74 and 3656710